- 5. Let m be 18/r*(-2)/(-4). Suppose -k = -m*k + 2. What is the remainder when k is divided by 1?
0
Let w = 87 + -49. Calculate the remainder when w is divided by 13.
12
Let v(j) = j**2 + 4*j + 6. Let w be v(-5). Suppose 5*r = 4*r + w. Let i = -7 - -11. What is the remainder when r is divided by i?
3
Let n(p) = 3*p**2 + p. Let h be n(-1). Calculate the remainder when 24 + 0 + h + -1 is divided by 14.
11
Suppose 0 = 2*t - 6 - 0. Let o = t + 6. Calculate the remainder when 26 is divided by o.
8
Suppose -470 = -12*t + 1210. What is the remainder when t is divided by 18?
14
Let w = 28 + -15. Calculate the remainder when 251/5 + -1*3/15 is divided by w.
11
Let f be ((-12)/16)/((-2)/8). Suppose -n = 4*r - f*r - 12, 0 = 3*n + 5*r - 38. Calculate the remainder when n is divided by 4.
3
Suppose -26 = -v + 4. Let u = 9 - -2. What is the remainder when v is divided by u?
8
Suppose 4*s - 349 = -49. Suppose -2*h = -5*a - 62, 2*h - a - 96 + 26 = 0. Let y = s - h. What is the remainder when y is divided by 14?
11
What is the remainder when 9/(-2)*(0 - 10) is divided by 12?
9
Calculate the remainder when 2/(4/2)*37 is divided by 19.
18
Suppose -188 = -7*h - 48. Calculate the remainder when 37 is divided by h.
17
Suppose -2*b = -64 + 40. What is the remainder when b is divided by 5?
2
Suppose -36 = -30*y + 21*y. Calculate the remainder when 6 is divided by y.
2
Suppose 4*t = 31 + 33. Let d = t - 11. Calculate the remainder when d is divided by 2.
1
Suppose 2*o - 3 - 35 = 0. What is the remainder when 73 is divided by o?
16
Let p = 27 - -20. Let g(b) = -b**3 - b**2 + b + 1. Calculate the remainder when p is divided by g(-3).
15
Let w be -2 + 9 + (0 - -1). Suppose 5*h - 3*h = w. Suppose 0*l - 108 = -3*l + 3*a, l + h*a - 61 = 0. What is the remainder when l is divided by 21?
20
Suppose 3*a = -2*a + 40. Suppose 3*p = 4*p - 15. What is the remainder when p is divided by a?
7
Let r = -8 - -12. Calculate the remainder when 5 is divided by r.
1
Let d(x) = -x + 14. Suppose 0*v - 8 = -2*v, -32 = -j - 5*v. What is the remainder when j is divided by d(7)?
5
Suppose 3*o = -q + 8, 0 = 4*o - o - q - 10. Suppose -12 = -4*v, -2*v = o*m - 3*v - 15. Calculate the remainder when 15 is divided by m.
3
Let r(x) = 4*x - 10*x - 4 - 3*x**2 + 2*x**3 - x**3. What is the remainder when 62 is divided by r(5)?
14
Calculate the remainder when ((-18)/(-7))/(6/28) is divided by 3.
0
Suppose 3*j + 15 = 207. Let f = -10 + 16. Calculate the remainder when (j/80)/((-2)/(-55)) is divided by f.
4
What is the remainder when 18 is divided by ((-14)/21)/((-1)/18)?
6
Suppose 0*w = -4*w + 16. Suppose -o + 2*n + 18 = 0, -n - n = -w*o + 66. Let h = 7 + -1. What is the remainder when o is divided by h?
4
Let v be 8/(-6)*(-9)/6. What is the remainder when 52*(-2)/(-8)*v is divided by 9?
8
Let r(t) = 18*t**2 + t + 1. Suppose 0 = -2*a - a - 15, -2*a = -3*v + 7. Calculate the remainder when 13/(v*3/(-12)) is divided by r(-1).
16
Let c = 16 - 14. What is the remainder when 2 is divided by c?
0
Suppose 0*t + 2*t - 26 = 0. Suppose -196 = -4*x - 5*j, 4*j - 71 = 5*x - 316. Calculate the remainder when x is divided by t.
10
Suppose -2*a + 3 = 4*w - 13, a - 2 = 4*w. What is the remainder when 11 is divided by a?
5
Suppose 79 = 2*g - 13. Let u = g - 28. Calculate the remainder when u is divided by 10.
8
What is the remainder when 385/15 + (-2)/(-6) is divided by 7?
5
Suppose 86 = 8*n - 4*n - z, 5*z = -n + 11. Calculate the remainder when n is divided by 12.
9
Let g(u) = -8*u**2 + 7 - u**3 - 2*u + 0*u + 0*u**3. Suppose 2*z + 4*q + 28 = 0, -4*z + q = 22 + 7. What is the remainder when g(z) is divided by 13?
10
Let u(v) = 2*v + 6. Calculate the remainder when 46 is divided by u(5).
14
Suppose w - 5*q - 42 = 0, -4*q = 4*w + q - 143. Let i(a) = -a**2 - 9*a + 2. What is the remainder when w is divided by i(-8)?
7
Suppose -3*n - 2*q = -0*n - 4, 5*q = 10. Suppose -2*l + 6 = 4*t - 4, n = 4*t + l - 13. What is the remainder when (t/6)/(1/6) is divided by 3?
1
Let m = -3 - -4. Suppose k - d + m = 0, 16 = -0*d + 4*d. Suppose -2*v = 3*v + k*g, -3 = 4*v + 3*g. Calculate the remainder when 9 is divided by v.
0
Suppose -348 = -5*z - 133. What is the remainder when z is divided by 15?
13
Let n be (20/(-6))/(4/(-6)). Let w be (-2)/(-5) + 18/n. Calculate the remainder when 41 is divided by (w/3)/((-2)/(-21)).
13
Suppose -14*g + 13*g + 17 = 0. Suppose 2*v + 4*q - 36 = 0, -q = -4*v - 2*q + 93. Let b = v - g. What is the remainder when 20 is divided by b?
6
Let v(b) = -22*b + 4. Let m(z) = z**2 - 3*z + 2. What is the remainder when v(0) is divided by m(3)?
0
Suppose -6*m - 8 = 2*p - 3*m, 0 = -p + 5*m + 22. Suppose 0*y - 4 = -p*y. Calculate the remainder when 2 is divided by y.
0
Let m = 5 - -15. Calculate the remainder when 37 is divided by m.
17
Suppose -6*t + 4*c = -3*t - 12, -2*c - 6 = 2*t. What is the remainder when (3 + (-1 - t))*1 is divided by 2 + (-3 - 2/(-1))?
0
Let l(p) = 4*p. Let z be l(4). Suppose -z = -3*b - b. Calculate the remainder when 11 is divided by b/(-24) + (-43)/(-6).
4
Suppose 0 = 2*a - b - 29, a - 2*b = 4*a - 40. Calculate the remainder when 5*-1*(-5 + -3) is divided by a.
12
Let g be (0/(-1))/(2 - 0). Suppose g*w + 22 = 2*w. Suppose 0 = -2*x + 6 + 34. Calculate the remainder when x is divided by w.
9
Let a be 3 + (0 + -2)*-1. Let g = 35 + -12. Suppose -w + g = a. Calculate the remainder when 53 is divided by w.
17
Let v(a) = 25*a**2 - a + 1. What is the remainder when v(1) is divided by (-1)/4 + (-74)/(-8)?
7
Suppose -7*b = -2*b - 260. What is the remainder when b is divided by 18?
16
Let o(p) = -3*p**2 + p + 6*p**2 - 5*p**2 + p**3 - 4. Let v be o(3). Suppose -5*c + 38 = -b, 4*c - 3*b - 18 = v. What is the remainder when 22 is divided by c?
6
Let o(p) = p**3 - 9*p**2 + 8*p. Let d be o(11). What is the remainder when 41 is divided by d/24 - 1/(-4)?
13
Let s(q) = 5*q**2 - 3*q + 1. Let c be s(2). Suppose -2*g - 36 = -0*g. What is the remainder when 25 is divided by g/(-15)*c/2?
7
Suppose -t + 24 = 2*g, -4*t - 4*g = -7*t + 42. Suppose u = -5*r + 40 + 20, 94 = 2*u - 3*r. Calculate the remainder when u is divided by t.
14
Let u(c) = -c**3 - 5*c**2 - c. Let m be u(-4). Let o = -2 - m. Let a = 9 + 10. Calculate the remainder when a is divided by o.
9
Let w = -92 + 109. What is the remainder when 47 is divided by w?
13
Suppose 5*s + 5*w - 40 = 0, -28 = -s - 4*s - 2*w. Suppose k = -q + 17, s*k + 0*q + 3*q = 67. Calculate the remainder when k is divided by 6.
4
Let x(s) = -1 - 17*s + 9*s**2 - 16 - 10*s**2. Calculate the remainder when x(-14) is divided by 14.
11
Let u(k) = 4*k**3 + 8*k**2 - 6*k - 5. Let t(s) = -3*s**3 - 7*s**2 + 5*s + 4. Let r(i) = 3*t(i) + 2*u(i). What is the remainder when r(-6) is divided by 7?
6
Suppose -5*r - 22 + 257 = 0. Calculate the remainder when r is divided by 17.
13
Suppose -2*u + 2*k + 30 = 0, 0*u - 45 = -5*u - 5*k. Calculate the remainder when 21 is divided by u.
9
Suppose -3*y - 68 = -7*y. Let z = y + -12. What is the remainder when 8 is divided by z?
3
Suppose -5*f = h - 34, -3*h = -2*h + 4*f - 30. What is the remainder when 55 is divided by h?
13
Let x(k) = k**3 - 9*k**2 + 9*k + 8. What is the remainder when 44 is divided by x(8)?
12
Suppose -3*s + 5*s = 16. Calculate the remainder when s is divided by 5.
3
Let q(m) = -m - 5. Let l be q(-8). What is the remainder when (1 - -1*11) + -1 is divided by 2 - 4/l*-3?
5
Suppose 0 = 5*m - 3*x - 7, m + 4*x + 3 - 9 = 0. Suppose -5*q - 4*o + 3*o + 20 = 0, -o = -q - m. What is the remainder when 28 is divided by (q/(-4))/(5/(-100))?
13
Let f(r) = r + 11. Let a be f(-9). Suppose 6 = -a*h + 18. What is the remainder when 9 is divided by h?
3
Suppose 2*f = m - 12, -2*m + 6*m - 2*f = 42. Let t = -142 - -56. What is the remainder when (-1)/(-3) - t/3 is divided by m?
9
Let s(h) = 2 + 2 - 1 - 7 + 4*h + h**2. What is the remainder when 1 is divided by s(-5)?
0
Suppose 0 = j - 16 - 42. Suppose -3*p + 69 = -3*u, -4*p = -2*u - j - 42. What is the remainder when p is divided by 14?
13
Let i(o) be the first derivative of -3*o + 5/2*o**2 - 2. Calculate the remainder when i(2) is divided by 4.
3
Let j(g) = 3*g**2 - 7*g - 2. Let y be j(5). Suppose 0*x - 2*x = -y. What is the remainder when 36 is divided by x?
17
Suppose 3*o - 230 = o + 3*b, o = 2*b + 116. Suppos